{"id":1332,"date":"2024-11-27T09:15:00","date_gmt":"2024-11-27T08:15:00","guid":{"rendered":"https:\/\/lina.gndev.se\/?page_id=1332"},"modified":"2024-12-13T13:32:05","modified_gmt":"2024-12-13T12:32:05","slug":"shop","status":"publish","type":"page","link":"https:\/\/lina.gndev.se\/?page_id=1332","title":{"rendered":"Shop"},"content":{"rendered":"\t\t<div data-elementor-type=\"wp-page\" data-elementor-id=\"1332\" class=\"elementor elementor-1332\" data-elementor-post-type=\"page\">\n\t\t\t\t\t\t<section class=\"elementor-section elementor-top-section elementor-element elementor-element-311a8be6 elementor-section-boxed elementor-section-height-default elementor-section-height-default\" data-id=\"311a8be6\" data-element_type=\"section\" data-e-type=\"section\">\n\t\t\t\t\t\t<div class=\"elementor-container elementor-column-gap-default\">\n\t\t\t\t\t<div class=\"elementor-column elementor-col-100 elementor-top-column elementor-element elementor-element-5e25749e\" data-id=\"5e25749e\" data-element_type=\"column\" data-e-type=\"column\">\n\t\t\t<div class=\"elementor-widget-wrap elementor-element-populated\">\n\t\t\t\t\t\t<div class=\"elementor-element elementor-element-c589841 elementor-widget elementor-widget-woocommerce-breadcrumb\" data-id=\"c589841\" data-element_type=\"widget\" data-e-type=\"widget\" data-widget_type=\"woocommerce-breadcrumb.default\">\n\t\t\t\t<div class=\"elementor-widget-container\">\n\t\t\t\t\t<nav class=\"woocommerce-breadcrumb\" aria-label=\"Breadcrumb\">Hem<\/nav>\t\t\t\t<\/div>\n\t\t\t\t<\/div>\n\t\t\t\t<div class=\"elementor-element elementor-element-2513636b elementor-widget elementor-widget-heading\" data-id=\"2513636b\" data-element_type=\"widget\" data-e-type=\"widget\" data-widget_type=\"heading.default\">\n\t\t\t\t<div class=\"elementor-widget-container\">\n\t\t\t\t\t<h2 class=\"elementor-heading-title elementor-size-default\">Shop<\/h2>\t\t\t\t<\/div>\n\t\t\t\t<\/div>\n\t\t\t\t<div class=\"elementor-element elementor-element-2bc0655 elementor-widget elementor-widget-text-editor\" data-id=\"2bc0655\" data-element_type=\"widget\" data-e-type=\"widget\" data-widget_type=\"text-editor.default\">\n\t\t\t\t<div class=\"elementor-widget-container\">\n\t\t\t\t\t\t\t\t\t<div class=\"flex-shrink-0 flex flex-col relative items-end\"><div><div class=\"pt-0\"><div class=\"gizmo-bot-avatar flex h-8 w-8 items-center justify-center overflow-hidden rounded-full\"><div class=\"relative p-1 rounded-sm flex items-center justify-center bg-token-main-surface-primary text-token-text-primary h-8 w-8\">\u00a0<\/div><\/div><\/div><\/div><\/div><div class=\"group\/conversation-turn relative flex w-full min-w-0 flex-col agent-turn\"><div class=\"flex-col gap-1 md:gap-3\"><div class=\"flex max-w-full flex-col flex-grow\"><div class=\"min-h-8 text-message flex w-full flex-col items-end gap-2 whitespace-normal break-words text-start [.text-message+&amp;]:mt-5\" dir=\"auto\" data-message-author-role=\"assistant\" data-message-id=\"a26301f5-4588-45b9-8495-465df5e81c6e\" data-message-model-slug=\"gpt-4o-mini\"><div class=\"flex w-full flex-col gap-1 empty:hidden first:pt-[3px]\"><div class=\"markdown prose w-full break-words dark:prose-invert light\"><p>V\u00e4lkommen till v\u00e5r webbshop! H\u00e4r hittar du ett noggrant utvalt sortiment av garn, virkn\u00e5lar och tillbeh\u00f6r f\u00f6r alla niv\u00e5er. Oavsett om du \u00e4r nyb\u00f6rjare eller expert, har vi allt du beh\u00f6ver f\u00f6r att skapa dina n\u00e4sta virkprojekt. Utforska v\u00e5rt utbud och hitta inspiration f\u00f6r din virkning!<\/p><\/div><\/div><\/div><\/div><\/div><\/div>\t\t\t\t\t\t\t\t<\/div>\n\t\t\t\t<\/div>\n\t\t\t\t\t<\/div>\n\t\t<\/div>\n\t\t\t\t\t<\/div>\n\t\t<\/section>\n\t\t\t\t<section class=\"elementor-section elementor-top-section elementor-element elementor-element-43326312 elementor-section-boxed elementor-section-height-default elementor-section-height-default\" data-id=\"43326312\" data-element_type=\"section\" data-e-type=\"section\">\n\t\t\t\t\t\t<div class=\"elementor-container elementor-column-gap-default\">\n\t\t\t\t\t<div class=\"elementor-column elementor-col-100 elementor-top-column elementor-element elementor-element-1d849134\" data-id=\"1d849134\" data-element_type=\"column\" data-e-type=\"column\">\n\t\t\t<div class=\"elementor-widget-wrap elementor-element-populated\">\n\t\t\t\t\t\t\t<\/div>\n\t\t<\/div>\n\t\t\t\t\t<\/div>\n\t\t<\/section>\n\t\t\t\t<section class=\"elementor-section elementor-top-section elementor-element elementor-element-22c3e665 elementor-section-boxed elementor-section-height-default elementor-section-height-default\" data-id=\"22c3e665\" data-element_type=\"section\" data-e-type=\"section\">\n\t\t\t\t\t\t<div class=\"elementor-container elementor-column-gap-default\">\n\t\t\t\t\t<div class=\"elementor-column elementor-col-100 elementor-top-column elementor-element elementor-element-4a0ef021\" data-id=\"4a0ef021\" data-element_type=\"column\" data-e-type=\"column\">\n\t\t\t<div class=\"elementor-widget-wrap elementor-element-populated\">\n\t\t\t\t\t\t<div class=\"elementor-element elementor-element-6d24387 elementor-product-loop-item--align-center elementor-grid-4 elementor-grid-tablet-3 elementor-grid-mobile-2 elementor-products-grid elementor-wc-products elementor-widget elementor-widget-wc-categories\" data-id=\"6d24387\" data-element_type=\"widget\" data-e-type=\"widget\" data-widget_type=\"wc-categories.default\">\n\t\t\t\t<div class=\"elementor-widget-container\">\n\t\t\t\t\t<div class=\"woocommerce columns-4\"><ul class=\"products elementor-grid columns-4\">\n<li class=\"product-category product first\">\n\t<a aria-label=\"Bes\u00f6k produktkategori Uncategorized\" href=\"https:\/\/lina.gndev.se\/?product_cat=uncategorized\"><img fetchpriority=\"high\" decoding=\"async\" src=\"https:\/\/lina.gndev.se\/wp-content\/uploads\/woocommerce-placeholder-300x300.png\" alt=\"Uncategorized\" width=\"300\" height=\"300\" \/>\t\t<h2 class=\"woocommerce-loop-category__title\">\n\t\t\tUncategorized\t\t<\/h2>\n\t\t<\/a><\/li>\n<li class=\"product-category product\">\n\t<a aria-label=\"Bes\u00f6k produktkategori M\u00f6nster\" href=\"https:\/\/lina.gndev.se\/?product_cat=monster\"><img decoding=\"async\" src=\"https:\/\/lina.gndev.se\/wp-content\/uploads\/2024\/12\/people-2595548_1280_12_11zon_8_11zon-e1734077456467-300x300.webp\" alt=\"M\u00f6nster\" width=\"300\" height=\"300\" srcset=\"https:\/\/lina.gndev.se\/wp-content\/uploads\/2024\/12\/people-2595548_1280_12_11zon_8_11zon-e1734077456467-300x300.webp 300w, https:\/\/lina.gndev.se\/wp-content\/uploads\/2024\/12\/people-2595548_1280_12_11zon_8_11zon-e1734077456467-150x150.webp 150w, https:\/\/lina.gndev.se\/wp-content\/uploads\/2024\/12\/people-2595548_1280_12_11zon_8_11zon-e1734077456467-100x100.webp 100w\" sizes=\"(max-width: 300px) 100vw, 300px\" \/>\t\t<h2 class=\"woocommerce-loop-category__title\">\n\t\t\tM\u00f6nster <mark class=\"count\">(1)<\/mark>\t\t<\/h2>\n\t\t<\/a><\/li>\n<li class=\"product-category product\">\n\t<a aria-label=\"Bes\u00f6k produktkategori Material\" href=\"https:\/\/lina.gndev.se\/?product_cat=material\"><img decoding=\"async\" src=\"https:\/\/lina.gndev.se\/wp-content\/uploads\/2024\/12\/pexels-castorlystock-3945638_11zon_11zon-300x300.webp\" alt=\"Material\" width=\"300\" height=\"300\" srcset=\"https:\/\/lina.gndev.se\/wp-content\/uploads\/2024\/12\/pexels-castorlystock-3945638_11zon_11zon-300x300.webp 300w, https:\/\/lina.gndev.se\/wp-content\/uploads\/2024\/12\/pexels-castorlystock-3945638_11zon_11zon-150x150.webp 150w, https:\/\/lina.gndev.se\/wp-content\/uploads\/2024\/12\/pexels-castorlystock-3945638_11zon_11zon-100x100.webp 100w\" sizes=\"(max-width: 300px) 100vw, 300px\" \/>\t\t<h2 class=\"woocommerce-loop-category__title\">\n\t\t\tMaterial <mark class=\"count\">(1)<\/mark>\t\t<\/h2>\n\t\t<\/a><\/li>\n<li class=\"product-category product last\">\n\t<a aria-label=\"Bes\u00f6k produktkategori Garn\" href=\"https:\/\/lina.gndev.se\/?product_cat=garn\"><img loading=\"lazy\" decoding=\"async\" src=\"https:\/\/lina.gndev.se\/wp-content\/uploads\/2024\/12\/yarn-8502110_1280_14_11zon_14_11zon-e1734077925603-300x300.webp\" alt=\"Garn\" width=\"300\" height=\"300\" srcset=\"https:\/\/lina.gndev.se\/wp-content\/uploads\/2024\/12\/yarn-8502110_1280_14_11zon_14_11zon-e1734077925603-300x300.webp 300w, https:\/\/lina.gndev.se\/wp-content\/uploads\/2024\/12\/yarn-8502110_1280_14_11zon_14_11zon-e1734077925603-150x150.webp 150w, https:\/\/lina.gndev.se\/wp-content\/uploads\/2024\/12\/yarn-8502110_1280_14_11zon_14_11zon-e1734077925603-100x100.webp 100w\" sizes=\"(max-width: 300px) 100vw, 300px\" \/>\t\t<h2 class=\"woocommerce-loop-category__title\">\n\t\t\tGarn <mark class=\"count\">(2)<\/mark>\t\t<\/h2>\n\t\t<\/a><\/li>\n<\/ul>\n<\/div>\t\t\t\t<\/div>\n\t\t\t\t<\/div>\n\t\t\t\t\t<\/div>\n\t\t<\/div>\n\t\t\t\t\t<\/div>\n\t\t<\/section>\n\t\t\t\t<\/div>\n\t\t","protected":false},"excerpt":{"rendered":"<p>Shop \u00a0 V\u00e4lkommen till v\u00e5r webbshop! H\u00e4r hittar du ett noggrant utvalt sortiment av garn, virkn\u00e5lar och tillbeh\u00f6r f\u00f6r alla niv\u00e5er. Oavsett om du \u00e4r nyb\u00f6rjare eller expert, har vi allt du beh\u00f6ver f\u00f6r att skapa dina n\u00e4sta virkprojekt. Utforska v\u00e5rt utbud och hitta inspiration f\u00f6r din virkning!<\/p>\n","protected":false},"author":1,"featured_media":0,"parent":0,"menu_order":0,"comment_status":"closed","ping_status":"closed","template":"","meta":{"footnotes":""},"class_list":["post-1332","page","type-page","status-publish","hentry"],"yoast_head":"<!-- This site is optimized with the Yoast SEO plugin v27.2 - https:\/\/yoast.com\/product\/yoast-seo-wordpress\/ -->\n<title>Shop - Virkstugan<\/title>\n<meta name=\"robots\" content=\"index, follow, max-snippet:-1, max-image-preview:large, max-video-preview:-1\" \/>\n<link rel=\"canonical\" href=\"https:\/\/lina.gndev.se\/?page_id=1332\" \/>\n<meta property=\"og:locale\" content=\"sv_SE\" \/>\n<meta property=\"og:type\" content=\"article\" \/>\n<meta property=\"og:title\" content=\"Shop - Virkstugan\" \/>\n<meta property=\"og:description\" content=\"Shop \u00a0 V\u00e4lkommen till v\u00e5r webbshop! H\u00e4r hittar du ett noggrant utvalt sortiment av garn, virkn\u00e5lar och tillbeh\u00f6r f\u00f6r alla niv\u00e5er. Oavsett om du \u00e4r nyb\u00f6rjare eller expert, har vi allt du beh\u00f6ver f\u00f6r att skapa dina n\u00e4sta virkprojekt. Utforska v\u00e5rt utbud och hitta inspiration f\u00f6r din virkning!\" \/>\n<meta property=\"og:url\" content=\"https:\/\/lina.gndev.se\/?page_id=1332\" \/>\n<meta property=\"og:site_name\" content=\"Virkstugan\" \/>\n<meta property=\"article:modified_time\" content=\"2024-12-13T12:32:05+00:00\" \/>\n<meta name=\"twitter:card\" content=\"summary_large_image\" \/>\n<meta name=\"twitter:label1\" content=\"Ber\u00e4knad l\u00e4stid\" \/>\n\t<meta name=\"twitter:data1\" content=\"2 minuter\" \/>\n<script type=\"application\/ld+json\" class=\"yoast-schema-graph\">{\"@context\":\"https:\/\/schema.org\",\"@graph\":[{\"@type\":\"WebPage\",\"@id\":\"https:\/\/lina.gndev.se\/?page_id=1332\",\"url\":\"https:\/\/lina.gndev.se\/?page_id=1332\",\"name\":\"Shop - Virkstugan\",\"isPartOf\":{\"@id\":\"https:\/\/lina.gndev.se\/#website\"},\"datePublished\":\"2024-11-27T08:15:00+00:00\",\"dateModified\":\"2024-12-13T12:32:05+00:00\",\"breadcrumb\":{\"@id\":\"https:\/\/lina.gndev.se\/?page_id=1332#breadcrumb\"},\"inLanguage\":\"sv-SE\",\"potentialAction\":[{\"@type\":\"ReadAction\",\"target\":[\"https:\/\/lina.gndev.se\/?page_id=1332\"]}]},{\"@type\":\"BreadcrumbList\",\"@id\":\"https:\/\/lina.gndev.se\/?page_id=1332#breadcrumb\",\"itemListElement\":[{\"@type\":\"ListItem\",\"position\":1,\"name\":\"Home\",\"item\":\"https:\/\/lina.gndev.se\/\"},{\"@type\":\"ListItem\",\"position\":2,\"name\":\"Shop\"}]},{\"@type\":\"WebSite\",\"@id\":\"https:\/\/lina.gndev.se\/#website\",\"url\":\"https:\/\/lina.gndev.se\/\",\"name\":\"lina\",\"description\":\"Labbmilj\u00f6\",\"publisher\":{\"@id\":\"https:\/\/lina.gndev.se\/#organization\"},\"potentialAction\":[{\"@type\":\"SearchAction\",\"target\":{\"@type\":\"EntryPoint\",\"urlTemplate\":\"https:\/\/lina.gndev.se\/?s={search_term_string}\"},\"query-input\":{\"@type\":\"PropertyValueSpecification\",\"valueRequired\":true,\"valueName\":\"search_term_string\"}}],\"inLanguage\":\"sv-SE\"},{\"@type\":\"Organization\",\"@id\":\"https:\/\/lina.gndev.se\/#organization\",\"name\":\"lina\",\"url\":\"https:\/\/lina.gndev.se\/\",\"logo\":{\"@type\":\"ImageObject\",\"inLanguage\":\"sv-SE\",\"@id\":\"https:\/\/lina.gndev.se\/#\/schema\/logo\/image\/\",\"url\":\"https:\/\/lina.gndev.se\/wp-content\/uploads\/2024\/11\/ikon-m-devis-versal.svg\",\"contentUrl\":\"https:\/\/lina.gndev.se\/wp-content\/uploads\/2024\/11\/ikon-m-devis-versal.svg\",\"width\":101,\"height\":24,\"caption\":\"lina\"},\"image\":{\"@id\":\"https:\/\/lina.gndev.se\/#\/schema\/logo\/image\/\"}}]}<\/script>\n<!-- \/ Yoast SEO plugin. -->","yoast_head_json":{"title":"Shop - Virkstugan","robots":{"index":"index","follow":"follow","max-snippet":"max-snippet:-1","max-image-preview":"max-image-preview:large","max-video-preview":"max-video-preview:-1"},"canonical":"https:\/\/lina.gndev.se\/?page_id=1332","og_locale":"sv_SE","og_type":"article","og_title":"Shop - Virkstugan","og_description":"Shop \u00a0 V\u00e4lkommen till v\u00e5r webbshop! H\u00e4r hittar du ett noggrant utvalt sortiment av garn, virkn\u00e5lar och tillbeh\u00f6r f\u00f6r alla niv\u00e5er. Oavsett om du \u00e4r nyb\u00f6rjare eller expert, har vi allt du beh\u00f6ver f\u00f6r att skapa dina n\u00e4sta virkprojekt. Utforska v\u00e5rt utbud och hitta inspiration f\u00f6r din virkning!","og_url":"https:\/\/lina.gndev.se\/?page_id=1332","og_site_name":"Virkstugan","article_modified_time":"2024-12-13T12:32:05+00:00","twitter_card":"summary_large_image","twitter_misc":{"Ber\u00e4knad l\u00e4stid":"2 minuter"},"schema":{"@context":"https:\/\/schema.org","@graph":[{"@type":"WebPage","@id":"https:\/\/lina.gndev.se\/?page_id=1332","url":"https:\/\/lina.gndev.se\/?page_id=1332","name":"Shop - Virkstugan","isPartOf":{"@id":"https:\/\/lina.gndev.se\/#website"},"datePublished":"2024-11-27T08:15:00+00:00","dateModified":"2024-12-13T12:32:05+00:00","breadcrumb":{"@id":"https:\/\/lina.gndev.se\/?page_id=1332#breadcrumb"},"inLanguage":"sv-SE","potentialAction":[{"@type":"ReadAction","target":["https:\/\/lina.gndev.se\/?page_id=1332"]}]},{"@type":"BreadcrumbList","@id":"https:\/\/lina.gndev.se\/?page_id=1332#breadcrumb","itemListElement":[{"@type":"ListItem","position":1,"name":"Home","item":"https:\/\/lina.gndev.se\/"},{"@type":"ListItem","position":2,"name":"Shop"}]},{"@type":"WebSite","@id":"https:\/\/lina.gndev.se\/#website","url":"https:\/\/lina.gndev.se\/","name":"lina","description":"Labbmilj\u00f6","publisher":{"@id":"https:\/\/lina.gndev.se\/#organization"},"potentialAction":[{"@type":"SearchAction","target":{"@type":"EntryPoint","urlTemplate":"https:\/\/lina.gndev.se\/?s={search_term_string}"},"query-input":{"@type":"PropertyValueSpecification","valueRequired":true,"valueName":"search_term_string"}}],"inLanguage":"sv-SE"},{"@type":"Organization","@id":"https:\/\/lina.gndev.se\/#organization","name":"lina","url":"https:\/\/lina.gndev.se\/","logo":{"@type":"ImageObject","inLanguage":"sv-SE","@id":"https:\/\/lina.gndev.se\/#\/schema\/logo\/image\/","url":"https:\/\/lina.gndev.se\/wp-content\/uploads\/2024\/11\/ikon-m-devis-versal.svg","contentUrl":"https:\/\/lina.gndev.se\/wp-content\/uploads\/2024\/11\/ikon-m-devis-versal.svg","width":101,"height":24,"caption":"lina"},"image":{"@id":"https:\/\/lina.gndev.se\/#\/schema\/logo\/image\/"}}]}},"_links":{"self":[{"href":"https:\/\/lina.gndev.se\/index.php?rest_route=\/wp\/v2\/pages\/1332","targetHints":{"allow":["GET"]}}],"collection":[{"href":"https:\/\/lina.gndev.se\/index.php?rest_route=\/wp\/v2\/pages"}],"about":[{"href":"https:\/\/lina.gndev.se\/index.php?rest_route=\/wp\/v2\/types\/page"}],"author":[{"embeddable":true,"href":"https:\/\/lina.gndev.se\/index.php?rest_route=\/wp\/v2\/users\/1"}],"replies":[{"embeddable":true,"href":"https:\/\/lina.gndev.se\/index.php?rest_route=%2Fwp%2Fv2%2Fcomments&post=1332"}],"version-history":[{"count":88,"href":"https:\/\/lina.gndev.se\/index.php?rest_route=\/wp\/v2\/pages\/1332\/revisions"}],"predecessor-version":[{"id":3686,"href":"https:\/\/lina.gndev.se\/index.php?rest_route=\/wp\/v2\/pages\/1332\/revisions\/3686"}],"wp:attachment":[{"href":"https:\/\/lina.gndev.se\/index.php?rest_route=%2Fwp%2Fv2%2Fmedia&parent=1332"}],"curies":[{"name":"wp","href":"https:\/\/api.w.org\/{rel}","templated":true}]}}